{"id":35,"date":"2022-02-08T08:49:48","date_gmt":"2022-02-08T08:49:48","guid":{"rendered":"https:\/\/lotuswellnessbymonica.com\/?page_id=35"},"modified":"2022-02-27T13:55:33","modified_gmt":"2022-02-27T20:55:33","slug":"pnl-coach","status":"publish","type":"page","link":"https:\/\/lotuswellnessbymonica.com\/index.php\/pnl-coach\/","title":{"rendered":"PNL COACH."},"content":{"rendered":"<p>[et_pb_section fb_built=&#8221;1&#8243; custom_padding_last_edited=&#8221;on|phone&#8221; admin_label=&#8221;Hero&#8221; _builder_version=&#8221;4.14.4&#8243; use_background_color_gradient=&#8221;on&#8221; background_color_gradient_start=&#8221;rgba(49,128,192,0.2)&#8221; background_color_gradient_end=&#8221;rgba(49,128,192,0.6)&#8221; background_color_gradient_overlays_image=&#8221;on&#8221; background_image=&#8221;http:\/\/lotuswellnessbymonica.com\/wp-content\/uploads\/2022\/02\/e21284_979ad3ba7b824591b7eb2323e27848ab_mv2.webp&#8221; background_blend=&#8221;difference&#8221; custom_margin=&#8221;|5vw||&#8221; custom_padding=&#8221;10vw||10vw||true|false&#8221; custom_padding_tablet=&#8221;100px||100px|&#8221; custom_padding_phone=&#8221;|||&#8221; animation_style=&#8221;slide&#8221; animation_direction=&#8221;left&#8221; animation_intensity_slide=&#8221;5%&#8221; hover_enabled=&#8221;0&#8243; border_radii=&#8221;|||30vw|&#8221; border_color_all=&#8221;#8300E9&#8243; border_width_right=&#8221;2vw&#8221; box_shadow_style=&#8221;preset4&#8243; box_shadow_horizontal=&#8221;20px&#8221; box_shadow_vertical=&#8221;0px&#8221; box_shadow_color=&#8221;rgba(131,0,233,0.42)&#8221; global_colors_info=&#8221;{}&#8221; title_text=&#8221;e21284_979ad3ba7b824591b7eb2323e27848ab_mv2&#8243; sticky_enabled=&#8221;0&#8243;][et_pb_row _builder_version=&#8221;4.14.4&#8243; background_color=&#8221;rgba(0,0,0,0.33)&#8221; custom_padding=&#8221;0|0px|27px|0px&#8221; hover_enabled=&#8221;0&#8243; border_radii=&#8221;off|50px||100px|&#8221; box_shadow_style=&#8221;preset3&#8243; global_colors_info=&#8221;{}&#8221; sticky_enabled=&#8221;0&#8243;][et_pb_column type=&#8221;4_4&#8243; _builder_version=&#8221;3.25&#8243; custom_padding=&#8221;|||&#8221; global_colors_info=&#8221;{}&#8221; custom_padding__hover=&#8221;|||&#8221;][et_pb_image align=&#8221;center&#8221; _builder_version=&#8221;4.14.4&#8243; always_center_on_mobile=&#8221;off&#8221; locked=&#8221;off&#8221; global_colors_info=&#8221;{}&#8221;][\/et_pb_image][et_pb_text admin_label=&#8221;Text&#8221; _builder_version=&#8221;3.27.4&#8243; text_font=&#8221;Montserrat|300|||||||&#8221; text_font_size=&#8221;22px&#8221; text_line_height=&#8221;1.8em&#8221; ul_font=&#8221;||||||||&#8221; header_font=&#8221;Montserrat|500|||||||&#8221; header_font_size=&#8221;5vw&#8221; header_line_height=&#8221;1.2em&#8221; text_orientation=&#8221;center&#8221; background_layout=&#8221;dark&#8221; module_alignment=&#8221;center&#8221; text_line_height_tablet=&#8221;2em&#8221; text_line_height_phone=&#8221;2em&#8221; text_line_height_last_edited=&#8221;off|desktop&#8221; header_font_size_tablet=&#8221;40px&#8221; header_font_size_phone=&#8221;&#8221; header_font_size_last_edited=&#8221;on|tablet&#8221; header_line_height_tablet=&#8221;1.2em&#8221; header_line_height_phone=&#8221;1.1em&#8221; header_line_height_last_edited=&#8221;on|phone&#8221; header_text_shadow_style=&#8221;preset3&#8243; header_text_shadow_color=&#8221;rgba(0,0,0,0.06)&#8221; global_colors_info=&#8221;{}&#8221;]<\/p>\n<h1>Programacion Neurolinguisitica COACHING<\/h1>\n<p>&nbsp;<\/p>\n<p>[\/et_pb_text][et_pb_button button_url=&#8221;https:\/\/lotuswellnessbymonica.com\/index.php\/producto\/terapias-holisticas\/&#8221; url_new_window=&#8221;on&#8221; button_text=&#8221;Agendar Cita&#8221; button_alignment=&#8221;center&#8221; _builder_version=&#8221;4.14.4&#8243; custom_button=&#8221;on&#8221; button_text_size=&#8221;18px&#8221; button_text_color=&#8221;#FFFFFF&#8221; button_bg_color=&#8221;#7c2869&#8243; button_border_width=&#8221;0px&#8221; button_border_color=&#8221;#FFFFFF&#8221; button_border_radius=&#8221;100px&#8221; button_letter_spacing=&#8221;2px&#8221; button_font=&#8221;Acme||||||||&#8221; background_layout=&#8221;dark&#8221; custom_margin=&#8221;40px|||&#8221; custom_padding=&#8221;|||&#8221; button_text_shadow_style=&#8221;preset2&#8243; box_shadow_style=&#8221;preset6&#8243; box_shadow_horizontal=&#8221;69px&#8221; global_colors_info=&#8221;{}&#8221; button_text_size__hover_enabled=&#8221;off&#8221; button_one_text_size__hover_enabled=&#8221;off&#8221; button_two_text_size__hover_enabled=&#8221;off&#8221; button_text_color__hover_enabled=&#8221;off&#8221; button_one_text_color__hover_enabled=&#8221;off&#8221; button_two_text_color__hover_enabled=&#8221;off&#8221; button_border_width__hover_enabled=&#8221;off&#8221; button_one_border_width__hover_enabled=&#8221;off&#8221; button_two_border_width__hover_enabled=&#8221;off&#8221; button_border_color__hover_enabled=&#8221;off&#8221; button_one_border_color__hover_enabled=&#8221;off&#8221; button_two_border_color__hover_enabled=&#8221;off&#8221; button_border_radius__hover_enabled=&#8221;off&#8221; button_one_border_radius__hover_enabled=&#8221;off&#8221; button_two_border_radius__hover_enabled=&#8221;off&#8221; button_letter_spacing__hover_enabled=&#8221;off&#8221; button_one_letter_spacing__hover_enabled=&#8221;off&#8221; button_two_letter_spacing__hover_enabled=&#8221;off&#8221; button_bg_color__hover_enabled=&#8221;off&#8221; button_one_bg_color__hover_enabled=&#8221;off&#8221; button_two_bg_color__hover_enabled=&#8221;off&#8221;][\/et_pb_button][\/et_pb_column][\/et_pb_row][\/et_pb_section][et_pb_section fb_built=&#8221;1&#8243; _builder_version=&#8221;4.14.4&#8243; _module_preset=&#8221;default&#8221; global_colors_info=&#8221;{}&#8221;][et_pb_row _builder_version=&#8221;4.14.4&#8243; _module_preset=&#8221;default&#8221; global_colors_info=&#8221;{}&#8221;][et_pb_column type=&#8221;4_4&#8243; _builder_version=&#8221;4.14.4&#8243; _module_preset=&#8221;default&#8221; global_colors_info=&#8221;{}&#8221;][et_pb_divider _builder_version=&#8221;4.14.4&#8243; _module_preset=&#8221;default&#8221; global_colors_info=&#8221;{}&#8221;][\/et_pb_divider][\/et_pb_column][\/et_pb_row][\/et_pb_section][et_pb_section fb_built=&#8221;1&#8243; admin_label=&#8221;Why Us&#8221; _builder_version=&#8221;3.22&#8243; custom_padding=&#8221;100px|0px|0px|0px|false|false&#8221; global_colors_info=&#8221;{}&#8221;][et_pb_row column_structure=&#8221;1_2,1_2&#8243; _builder_version=&#8221;4.14.4&#8243; width=&#8221;100%&#8221; max_width=&#8221;100%&#8221; custom_margin=&#8221;|||&#8221; custom_margin_tablet=&#8221;||0px|&#8221; custom_margin_phone=&#8221;&#8221; custom_margin_last_edited=&#8221;on|desktop&#8221; custom_padding=&#8221;|||&#8221; hover_enabled=&#8221;0&#8243; use_custom_width=&#8221;on&#8221; width_unit=&#8221;off&#8221; custom_width_percent=&#8221;100%&#8221; global_colors_info=&#8221;{}&#8221; sticky_enabled=&#8221;0&#8243;][et_pb_column type=&#8221;1_2&#8243; _builder_version=&#8221;3.25&#8243; custom_padding=&#8221;60px||60px|14%&#8221; custom_padding_tablet=&#8221;0px|50px|50px|50px&#8221; custom_padding_phone=&#8221;&#8221; custom_padding_last_edited=&#8221;on|desktop&#8221; global_colors_info=&#8221;{}&#8221; padding_tablet=&#8221;0px|50px|50px|50px&#8221; padding_last_edited=&#8221;on|desktop&#8221; custom_padding__hover=&#8221;|||&#8221; padding_phone=&#8221;0px|50px|50px|50px&#8221;][et_pb_image src=&#8221;http:\/\/lotuswellnessbymonica.com\/wp-content\/uploads\/2022\/02\/health-icon-10-3.png&#8221; _builder_version=&#8221;3.23&#8243; always_center_on_mobile=&#8221;off&#8221; global_colors_info=&#8221;{}&#8221;][\/et_pb_image][et_pb_text _builder_version=&#8221;4.14.4&#8243; text_font=&#8221;Abel|800|||||||&#8221; text_font_size=&#8221;18px&#8221; text_line_height=&#8221;1.8em&#8221; header_font=&#8221;||||||||&#8221; header_2_font=&#8221;Montserrat|300|||||||&#8221; header_2_font_size=&#8221;40px&#8221; header_2_line_height=&#8221;1.5em&#8221; max_width=&#8221;600px&#8221; custom_margin=&#8221;|||&#8221; custom_margin_tablet=&#8221;0px|50px||50px&#8221; custom_margin_last_edited=&#8221;off|desktop&#8221; custom_padding=&#8221;|||&#8221; header_2_font_size_tablet=&#8221;&#8221; header_2_font_size_phone=&#8221;30px&#8221; header_2_font_size_last_edited=&#8221;on|phone&#8221; global_colors_info=&#8221;{}&#8221;]<\/p>\n<h2><span style=\"color: #3309ed;\">Coaching en PNL por Lotus wellness by monica<\/span><\/h2>\n<p>[\/et_pb_text][et_pb_text _builder_version=&#8221;4.14.4&#8243; text_font=&#8221;Actor||||||||&#8221; text_text_color=&#8221;#000000&#8243; text_font_size=&#8221;19px&#8221; text_line_height=&#8221;2em&#8221; link_font=&#8221;||||||||&#8221; ul_font=&#8221;||||||||&#8221; ol_font=&#8221;||||||||&#8221; quote_font=&#8221;||||||||&#8221; header_font=&#8221;||||||||&#8221; header_2_font=&#8221;Montserrat|300|||||||&#8221; header_2_text_color=&#8221;#212d3b&#8221; header_2_font_size=&#8221;40px&#8221; header_2_line_height=&#8221;1.5em&#8221; background_layout=&#8221;dark&#8221; max_width=&#8221;600px&#8221; custom_margin=&#8221;|||&#8221; custom_margin_tablet=&#8221;0px|50px||50px&#8221; custom_margin_last_edited=&#8221;off|desktop&#8221; custom_padding=&#8221;|||&#8221; global_colors_info=&#8221;{}&#8221;]<\/p>\n<p>Trabajaremos uno a uno en tus 8 \u00e1reas \u00a0de vida , encuadrando \u00a0con un modelo de ideas que \u00a0te aportara \u00a0una solucion efectiva a \u00a0la situaci\u00f3n presente . En programaci\u00f3n neur\u00f3lenguistica \u00a0 El objetivo es crear \u00a0un resultado que sumen a tu vida, es cambiar tu sistema neuronal y alinearlo a nuevas creencias \u00a0que \u00a0eleven tu presente por consecuente a tu futuro.<\/p>\n<p>[\/et_pb_text][et_pb_button button_url=&#8221;https:\/\/lotuswellnessbymonica.com\/index.php\/producto\/terapias-holisticas\/&#8221; url_new_window=&#8221;on&#8221; button_text=&#8221;Agenda tu cita hoy mismo!!&#8221; button_alignment=&#8221;center&#8221; _builder_version=&#8221;4.14.4&#8243; custom_button=&#8221;on&#8221; button_text_size=&#8221;18px&#8221; button_text_color=&#8221;#FFFFFF&#8221; button_bg_color=&#8221;#7c2869&#8243; button_border_width=&#8221;0px&#8221; button_border_color=&#8221;#FFFFFF&#8221; button_border_radius=&#8221;100px&#8221; button_letter_spacing=&#8221;2px&#8221; button_font=&#8221;Acme||||||||&#8221; background_layout=&#8221;dark&#8221; custom_margin=&#8221;40px|||&#8221; custom_padding=&#8221;|||&#8221; button_text_shadow_style=&#8221;preset2&#8243; box_shadow_style=&#8221;preset6&#8243; box_shadow_horizontal=&#8221;69px&#8221; locked=&#8221;off&#8221; global_colors_info=&#8221;{}&#8221; button_text_size__hover_enabled=&#8221;off&#8221; button_one_text_size__hover_enabled=&#8221;off&#8221; button_two_text_size__hover_enabled=&#8221;off&#8221; button_text_color__hover_enabled=&#8221;off&#8221; button_one_text_color__hover_enabled=&#8221;off&#8221; button_two_text_color__hover_enabled=&#8221;off&#8221; button_border_width__hover_enabled=&#8221;off&#8221; button_one_border_width__hover_enabled=&#8221;off&#8221; button_two_border_width__hover_enabled=&#8221;off&#8221; button_border_color__hover_enabled=&#8221;off&#8221; button_one_border_color__hover_enabled=&#8221;off&#8221; button_two_border_color__hover_enabled=&#8221;off&#8221; button_border_radius__hover_enabled=&#8221;off&#8221; button_one_border_radius__hover_enabled=&#8221;off&#8221; button_two_border_radius__hover_enabled=&#8221;off&#8221; button_letter_spacing__hover_enabled=&#8221;off&#8221; button_one_letter_spacing__hover_enabled=&#8221;off&#8221; button_two_letter_spacing__hover_enabled=&#8221;off&#8221; button_bg_color__hover_enabled=&#8221;off&#8221; button_one_bg_color__hover_enabled=&#8221;off&#8221; button_two_bg_color__hover_enabled=&#8221;off&#8221;][\/et_pb_button][et_pb_button button_url=&#8221;https:\/\/lotuswellnessbymonica.com\/index.php\/eventos\/&#8221; url_new_window=&#8221;on&#8221; button_text=&#8221;Proximos Eventos Relacionados&#8221; button_alignment=&#8221;center&#8221; _builder_version=&#8221;4.14.4&#8243; custom_button=&#8221;on&#8221; button_text_size=&#8221;18px&#8221; button_text_color=&#8221;#FFFFFF&#8221; button_bg_color=&#8221;#7c2869&#8243; button_border_width=&#8221;0px&#8221; button_border_color=&#8221;#FFFFFF&#8221; button_border_radius=&#8221;100px&#8221; button_letter_spacing=&#8221;2px&#8221; button_font=&#8221;Acme||||||||&#8221; background_layout=&#8221;dark&#8221; custom_margin=&#8221;40px|||&#8221; custom_padding=&#8221;|||&#8221; button_text_shadow_style=&#8221;preset2&#8243; box_shadow_style=&#8221;preset6&#8243; box_shadow_horizontal=&#8221;69px&#8221; locked=&#8221;off&#8221; global_colors_info=&#8221;{}&#8221; button_text_size__hover_enabled=&#8221;off&#8221; button_one_text_size__hover_enabled=&#8221;off&#8221; button_two_text_size__hover_enabled=&#8221;off&#8221; button_text_color__hover_enabled=&#8221;off&#8221; button_one_text_color__hover_enabled=&#8221;off&#8221; button_two_text_color__hover_enabled=&#8221;off&#8221; button_border_width__hover_enabled=&#8221;off&#8221; button_one_border_width__hover_enabled=&#8221;off&#8221; button_two_border_width__hover_enabled=&#8221;off&#8221; button_border_color__hover_enabled=&#8221;off&#8221; button_one_border_color__hover_enabled=&#8221;off&#8221; button_two_border_color__hover_enabled=&#8221;off&#8221; button_border_radius__hover_enabled=&#8221;off&#8221; button_one_border_radius__hover_enabled=&#8221;off&#8221; button_two_border_radius__hover_enabled=&#8221;off&#8221; button_letter_spacing__hover_enabled=&#8221;off&#8221; button_one_letter_spacing__hover_enabled=&#8221;off&#8221; button_two_letter_spacing__hover_enabled=&#8221;off&#8221; button_bg_color__hover_enabled=&#8221;off&#8221; button_one_bg_color__hover_enabled=&#8221;off&#8221; button_two_bg_color__hover_enabled=&#8221;off&#8221;][\/et_pb_button][\/et_pb_column][et_pb_column type=&#8221;1_2&#8243; _builder_version=&#8221;4.14.4&#8243; custom_padding=&#8221;|||&#8221; hover_enabled=&#8221;0&#8243; global_colors_info=&#8221;{}&#8221; custom_padding__hover=&#8221;|||&#8221; sticky_enabled=&#8221;0&#8243;][et_pb_image src=&#8221;http:\/\/lotuswellnessbymonica.com\/wp-content\/uploads\/2022\/02\/nlp-milton-model-scaled.jpg&#8221; title_text=&#8221;NLP touchscreen is operated by businessman&#8221; force_fullwidth=&#8221;on&#8221; align_tablet=&#8221;center&#8221; align_phone=&#8221;&#8221; align_last_edited=&#8221;on|desktop&#8221; _builder_version=&#8221;4.14.4&#8243; custom_margin=&#8221;198px|||||&#8221; custom_padding=&#8221;0px|||||&#8221; animation_style=&#8221;slide&#8221; animation_direction=&#8221;right&#8221; animation_intensity_slide=&#8221;5%&#8221; hover_enabled=&#8221;0&#8243; border_radii=&#8221;|30px|||15vw&#8221; border_color_all=&#8221;#8300E9&#8243; border_width_left=&#8221;2vw&#8221; box_shadow_style=&#8221;preset3&#8243; box_shadow_vertical=&#8221;30px&#8221; box_shadow_blur=&#8221;80px&#8221; box_shadow_spread=&#8221;-30px&#8221; box_shadow_color=&#8221;#8300E9&#8243; global_colors_info=&#8221;{}&#8221; sticky_enabled=&#8221;0&#8243; align=&#8221;center&#8221;][\/et_pb_image][\/et_pb_column][\/et_pb_row][\/et_pb_section]<\/p>\n<div style=\"margin: 20px 0;\"><div class=\"qrcswholewtapper\" style=\"text-align:left;\"><div class=\"qrcprowrapper\"  id=\"qrcwraa2leds\"><div class=\"qrc_canvass\" id=\"qrc_cuttenpages_2\" style=\"display:inline-block\" data-text=\"https:\/\/lotuswellnessbymonica.com\/index.php\/pnl-coach\/\"><\/div><div><a download=\"PNL COACH..png\" class=\"qrcdownloads\" id=\"worign\">\r\n           <button type=\"button\" style=\"min-width:200px;background:#44d813;color:#000;font-weight: 600;border: 1px solid #44d813;border-radius:20px;font-size:12px;padding: 6px 0;\" class=\"uqr_code_btn\">Download QR \ud83e\udc7b<\/button>\r\n           <\/a><\/div><\/div><\/div><\/div>","protected":false},"excerpt":{"rendered":"<p>[et_pb_section fb_built=&rdquo;1&Prime; custom_padding_last_edited=&rdquo;on|phone&rdquo; admin_label=&rdquo;Hero&rdquo; _builder_version=&rdquo;4.14.4&Prime; use_background_color_gradient=&rdquo;on&rdquo; background_color_gradient_start=&rdquo;rgba(49,128,192,0.2)&rdquo; background_color_gradient_end=&rdquo;rgba(49,128,192,0.6)&rdquo; background_color_gradient_overlays_image=&rdquo;on&rdquo; background_image=&rdquo;http:\/\/lotuswellnessbymonica.com\/wp-content\/uploads\/2022\/02\/e21284_979ad3ba7b824591b7eb2323e27848ab_mv2.webp&rdquo; background_blend=&rdquo;difference&rdquo; custom_margin=&rdquo;|5vw||&rdquo; custom_padding=&rdquo;10vw||10vw||true|false&rdquo; custom_padding_tablet=&rdquo;100px||100px|&rdquo; custom_padding_phone=&rdquo;|||&rdquo; animation_style=&rdquo;slide&rdquo; animation_direction=&rdquo;left&rdquo; animation_intensity_slide=&rdquo;5%&rdquo; hover_enabled=&rdquo;0&Prime; border_radii=&rdquo;|||30vw|&rdquo; border_color_all=&rdquo;#8300E9&Prime; border_width_right=&rdquo;2vw&rdquo; box_shadow_style=&rdquo;preset4&Prime; box_shadow_horizontal=&rdquo;20px&rdquo; box_shadow_vertical=&rdquo;0px&rdquo; box_shadow_color=&rdquo;rgba(131,0,233,0.42)&rdquo; global_colors_info=&rdquo;{}&rdquo; title_text=&rdquo;e21284_979ad3ba7b824591b7eb2323e27848ab_mv2&Prime; sticky_enabled=&rdquo;0&Prime;][et_pb_row _builder_version=&rdquo;4.14.4&Prime; background_color=&rdquo;rgba(0,0,0,0.33)&rdquo; custom_padding=&rdquo;0|0px|27px|0px&rdquo; hover_enabled=&rdquo;0&Prime; border_radii=&rdquo;off|50px||100px|&rdquo; box_shadow_style=&rdquo;preset3&Prime; global_colors_info=&rdquo;{}&rdquo; sticky_enabled=&rdquo;0&Prime;][et_pb_column type=&rdquo;4_4&Prime; _builder_version=&rdquo;3.25&Prime; custom_padding=&rdquo;|||&rdquo; global_colors_info=&rdquo;{}&rdquo; custom_padding__hover=&rdquo;|||&rdquo;][et_pb_image align=&rdquo;center&rdquo; _builder_version=&rdquo;4.14.4&Prime; always_center_on_mobile=&rdquo;off&rdquo; locked=&rdquo;off&rdquo; global_colors_info=&rdquo;{}&rdquo;][\/et_pb_image][et_pb_text admin_label=&rdquo;Text&rdquo; _builder_version=&rdquo;3.27.4&Prime; text_font=&rdquo;Montserrat|300|||||||&rdquo; text_font_size=&rdquo;22px&rdquo; text_line_height=&rdquo;1.8em&rdquo; ul_font=&rdquo;||||||||&rdquo; header_font=&rdquo;Montserrat|500|||||||&rdquo; header_font_size=&rdquo;5vw&rdquo; header_line_height=&rdquo;1.2em&rdquo; text_orientation=&rdquo;center&rdquo; background_layout=&rdquo;dark&rdquo; module_alignment=&rdquo;center&rdquo; text_line_height_tablet=&rdquo;2em&rdquo; text_line_height_phone=&rdquo;2em&rdquo; text_line_height_last_edited=&rdquo;off|desktop&rdquo; header_font_size_tablet=&rdquo;40px&rdquo; header_font_size_phone=&rdquo;&rdquo; header_font_size_last_edited=&rdquo;on|tablet&rdquo; header_line_height_tablet=&rdquo;1.2em&rdquo; header_line_height_phone=&rdquo;1.1em&rdquo; header_line_height_last_edited=&rdquo;on|phone&rdquo; header_text_shadow_style=&rdquo;preset3&Prime; header_text_shadow_color=&rdquo;rgba(0,0,0,0.06)&rdquo; global_colors_info=&rdquo;{}&rdquo;] Programacion Neurolinguisitica COACHING &nbsp; [\/et_pb_text][et_pb_button button_url=&rdquo;https:\/\/lotuswellnessbymonica.com\/index.php\/producto\/terapias-holisticas\/&rdquo; url_new_window=&rdquo;on&rdquo; button_text=&rdquo;Agendar Cita&rdquo; button_alignment=&rdquo;center&rdquo; _builder_version=&rdquo;4.14.4&Prime; custom_button=&rdquo;on&rdquo; button_text_size=&rdquo;18px&rdquo; button_text_color=&rdquo;#FFFFFF&rdquo; button_bg_color=&rdquo;#7c2869&Prime; button_border_width=&rdquo;0px&rdquo; button_border_color=&rdquo;#FFFFFF&rdquo; button_border_radius=&rdquo;100px&rdquo; button_letter_spacing=&rdquo;2px&rdquo; button_font=&rdquo;Acme||||||||&rdquo; background_layout=&rdquo;dark&rdquo; custom_margin=&rdquo;40px|||&rdquo; custom_padding=&rdquo;|||&rdquo; button_text_shadow_style=&rdquo;preset2&Prime; box_shadow_style=&rdquo;preset6&Prime; box_shadow_horizontal=&rdquo;69px&rdquo; global_colors_info=&rdquo;{}&rdquo; button_text_size__hover_enabled=&rdquo;off&rdquo; button_one_text_size__hover_enabled=&rdquo;off&rdquo;&#8230; <\/p>\n","protected":false},"author":2,"featured_media":0,"parent":0,"menu_order":0,"comment_status":"closed","ping_status":"closed","template":"template-parts\/page-template-full-width.php","meta":{"om_disable_all_campaigns":false,"_mbp_gutenberg_autopost":false,"footnotes":""},"class_list":["post-35","page","type-page","status-publish","hentry"],"aioseo_notices":[],"_hostinger_reach_plugin_has_subscription_block":false,"_hostinger_reach_plugin_is_elementor":false,"jetpack_sharing_enabled":true,"jetpack_likes_enabled":true,"_links":{"self":[{"href":"https:\/\/lotuswellnessbymonica.com\/index.php\/wp-json\/wp\/v2\/pages\/35","targetHints":{"allow":["GET"]}}],"collection":[{"href":"https:\/\/lotuswellnessbymonica.com\/index.php\/wp-json\/wp\/v2\/pages"}],"about":[{"href":"https:\/\/lotuswellnessbymonica.com\/index.php\/wp-json\/wp\/v2\/types\/page"}],"author":[{"embeddable":true,"href":"https:\/\/lotuswellnessbymonica.com\/index.php\/wp-json\/wp\/v2\/users\/2"}],"replies":[{"embeddable":true,"href":"https:\/\/lotuswellnessbymonica.com\/index.php\/wp-json\/wp\/v2\/comments?post=35"}],"version-history":[{"count":66,"href":"https:\/\/lotuswellnessbymonica.com\/index.php\/wp-json\/wp\/v2\/pages\/35\/revisions"}],"predecessor-version":[{"id":2522,"href":"https:\/\/lotuswellnessbymonica.com\/index.php\/wp-json\/wp\/v2\/pages\/35\/revisions\/2522"}],"wp:attachment":[{"href":"https:\/\/lotuswellnessbymonica.com\/index.php\/wp-json\/wp\/v2\/media?parent=35"}],"curies":[{"name":"wp","href":"https:\/\/api.w.org\/{rel}","templated":true}]}}